0). Let p be 9040/10 - v/(-6). Calculate the highest common factor of p and 70.
70
Suppose 4*z - 7 - 17 = 0. Suppose z*y = -15 + 129. Suppose 0 = -4*l - 0*l + 76. What is the highest common factor of y and l?
19
Suppose 80*q - 73*q = -67*q + 29600. Calculate the highest common divisor of q and 15.
5
Suppose 13*t - 450 = -12*t. Calculate the greatest common divisor of t and 6894.
18
Let y = -264 + 246. Let v(c) = -c**2 - 21*c - 8. Let r be v(y). Calculate the greatest common factor of 2 and r.
2
Suppose -110*w - 1080 = -290*w. What is the highest common divisor of w and 879?
3
Suppose 88*m - 4850304 = -116*m. What is the highest common factor of 16 and m?
16
Let q be (-16)/(-1)*2/8. Let v be (-144)/(-5 + -4)*6/q. Suppose -d = 4*l - 139, -5*l = 5*d - 149 - 6. What is the highest common factor of v and l?
12
Let u(p) = -p**3 + 16*p**2 - 36*p - 10. Suppose -215 = 6*r + 175. Let l = 78 + r. Let x be u(l). Calculate the highest common factor of x and 232.
29
Suppose -63*p + 20 = -58*p. Suppose -p*j - h + 5 + 24 = 0, 0 = -3*j - 5*h + 26. Suppose 51 = j*m - 19. Calculate the greatest common factor of 4 and m.
2
Let j(p) = 40*p + 295. Let i be j(-7). Suppose -4*g + 2*g + 18 = 0. What is the greatest common factor of g and i?
3
Let y = -3243 - -3272. What is the highest common divisor of 5191 and y?
29
Suppose 12*w - 1827 = 5*w. Let x = -117 + w. Calculate the highest common divisor of x and 18.
18
Suppose 13*s = 109*s - 10656. Calculate the highest common factor of 629 and s.
37
Suppose 1078*o = 1052*o + 35620. Calculate the highest common divisor of 80 and o.
10
Suppose i - t = 201, -4*i + 225 = -2*t - 569. Let d(u) = 25 + u - 2*u + 0*u. Let n be d(11). What is the highest common divisor of i and n?
14
Suppose 700 = 5*o - 315. Suppose 4*p = 24*p - 1673 - 1227. What is the greatest common factor of p and o?
29
Suppose 5*l - 4*j = 69 - 1041, 5*l + 5*j + 990 = 0. Let d = 232 + l. What is the greatest common factor of 2 and d?
2
Suppose 0 = -6*s + 7*s + 1, -4*j + 7902 = -2*s. What is the highest common divisor of j and 75?
25
Let p = 92 - 87. Suppose -3*z = -5*z + 6. Suppose -2*d - 330 = -p*r - 4*d, 3*d = z*r - 198. What is the greatest common divisor of 44 and r?
22
Suppose m = -5*b + 479, 0*b - 5*m + 283 = 3*b. Let v = -16 + b. Suppose -189*x = 166*x + 554*x - 18180. Calculate the highest common factor of x and v.
20
Suppose -38*b = -307660 - 770210. What is the highest common factor of b and 15?
15
Let t = 1 - -24. Let a be ((-3330)/4)/15*-2. Let q = a + -101. What is the highest common divisor of q and t?
5
Suppose 22*u - 23*u = h - 156, -u - 804 = -5*h. What is the greatest common factor of 280 and h?
40
Let u be ((-9)/(-12))/(-19 + (-22815)/(-1200)). Let k(c) = 9*c**2 - 10*c - 7. Let x be k(5). What is the highest common divisor of x and u?
12
Let g(u) = u**3 - 8*u**2 - 46*u - 5. Let p be g(13). Suppose 472*a - p = 461*a. Let n = -30 + 184. Calculate the greatest common divisor of a and n.
22
Let q(n) = -66*n - 209. Let u be q(7). Let p = -661 - u. What is the greatest common factor of 330 and p?
10
Suppose -2744*j + 2760*j - 6272 = 0. What is the greatest common divisor of 1813 and j?
49
Suppose -41276 = -36*z + 49876. Calculate the highest common divisor of 24 and z.
12
Suppose -3*f + 11*f - 92701 = -9*f. Calculate the greatest common factor of f and 133.
133
Suppose 2331*s = 2344*s - 338. Calculate the greatest common factor of 19058 and s.
26
Suppose 2*q = 47 + 13. Suppose 0 = 3*p - 2*l - 14, 3*l - 36 = p - 6*p. Let a be (-6 + p + -2)/((-10)/375). What is the highest common divisor of a and q?
15
Let k = 16735 + -16581. Calculate the highest common factor of 704 and k.
22
Let d be ((-25)/10)/(5/(-10)) - 27. Let s be (-8)/d - (-4818)/726. What is the highest common divisor of 476 and s?
7
Let h = -75 - -77. Let j(x) = 17*x - 3 + 13 + 3 - x**h + 0. Let z be j(13). What is the highest common factor of 13 and z?
13
Let x = -22993 + 24834. Calculate the greatest common factor of 63 and x.
7
Let a = -2802 - -2949. Calculate the highest common factor of 91 and a.
7
Let c = -26 + -74. Let q be c/(-12)*(-2 - -5). Let o = -8539 + 8564. What is the greatest common factor of q and o?
25
Suppose 0 = 5*s - 104 - 156. Let q = s - 39. Suppose -q*i + 15 = -12*i. What is the highest common factor of 165 and i?
15
Let t = -70 + 73. Let z(w) = 4*w - 4*w**2 + 2*w + w**t - 615 + 610. Let o be z(3). Calculate the highest common divisor of o and 4.
4
Suppose -18*b = -460 - 638. Suppose -64*p + 69 = -b*p. Suppose 6*v + p = 71. What is the highest common factor of v and 72?
8
Let o(d) = -2*d**2 + 41*d - 26. Let w be o(20). Let g be 598 - ((-1 - w) + -2). Calculate the greatest common divisor of g and 85.
85
Suppose -14334*t - 12096 = -14352*t. Calculate the highest common divisor of t and 4256.
224
Suppose 2*p = 2*j + 856, 4*j - 9*p + 8*p = -1715. Let i = j + 449. Calculate the greatest common divisor of 12 and i.
4
Let v(s) = 7650*s**2 + 48*s - 51. Let h be v(1). Calculate the highest common factor of 3 and h.
3
Let b(g) = 5*g**3 - 188*g**2 - 76*g + 45. Let m be b(38). What is the highest common factor of m and 240?
15
Suppose 0 = -10*v + 8*v + 10. Suppose -3*r + 48 = v*r. Let p be (4 + r)/(3 - 1). Calculate the highest common divisor of p and 20.
5
Suppose -234*v = -227*v + 147. Let z be v/6*(-16 - -18)*-2. Let w(i) = -i - 3. Let y be w(-5). What is the highest common divisor of z and y?
2
Let i = -85 - -19. Let n = -9 - i. Let r(o) = -486*o - 16972. Let z be r(-35). Calculate the highest common divisor of n and z.
19
Let n(x) be the third derivative of -x**6/120 + x**5/10 + x**4/24 - 28*x**2. Let j be n(3). What is the highest common factor of j and 110?
10
Let z(q) be the first derivative of -q**4/2 + 5*q**3 - 5*q**2/2 - 13*q - 17. Let w be z(7). What is the greatest common factor of 1 and w?
1
Suppose 4*s - 430 = 984*o - 986*o, 0 = -6*o - 4*s + 1306. Suppose 2*n - 2 = 0, 2*n - 4*n + 586 = 4*i. What is the greatest common factor of o and i?
73
Let v(c) be the first derivative of -125*c**2/2 - 28*c - 49. Let l be v(-4). Calculate the highest common divisor of 8 and l.
8
Suppose -4*v - 96 = -436. Let u(p) = 2*p + 407 + p**2 + v - 107. Let c be u(0). Calculate the greatest common divisor of c and 35.
35
Let o = -123 - -374. Let p = 352 - o. Let x = 128 - p. Calculate the highest common factor of 135 and x.
27
Let g(w) = w**3 - w**2 - w - 1. Let l be g(2). Let y be (-92)/(-3)*3 + l. Let o = 17585 - 17523. What is the greatest common divisor of o and y?
31
Let k = 59 - 56. Suppose -5*g + 124 = -k*w, g = 4*w - 6*w + 17. Calculate the highest common divisor of 2 and g.
1
Let o = -132 - -134. Suppose -9*a + 539 = o*a. What is the highest common factor of a and 35?
7
Let f(x) = 10*x. Let i be f(8). Suppose 0 = -4*m - t - 13, -2*t = 5*m - 4*t + 26. Let v be -2*(-2 + 12*m/6). Calculate the highest common factor of v and i.
20
Suppose 2*z = -q + 8, 2*q - 3*z + 10 - 19 = 0. Let g(y) = -y**3 + 7*y**2 + 3*y + 12. Let v be g(6). What is the highest common factor of q and v?
6
Let l = -745 - -1441. Calculate the highest common factor of 9976 and l.
232
Let o(u) = u**2 + 5*u - 20. Let n be (4 + -1)*(4 + 20/(-3)). Let f be o(n). What is the highest common divisor of f and 36?
4
Let l = -14107 + 14978. Calculate the highest common divisor of 78 and l.
13
Suppose 10495 = j - 3*i, 4*i + 31505 = -45*j + 48*j. Calculate the greatest common factor of j and 133.
133
Suppose 5*n + 8*n = 4*n + 16632. What is the highest common divisor of n and 440?
88
Let o(m) = 98*m + 2014. Let b be o(-19). Calculate the highest common factor of b and 8436.
76
Let c = 14 + -9. Let z be 95 + (0/5 - (-6)/(-2)). Suppose z = c*r - r. Calculate the highest common factor of r and 207.
23
Let i(s) be the first derivative of -s**3/3 - 4*s**2 - 17*s + 49. Let q be i(-7). Let y be (7/(-2) + 3)/(q/560). What is the highest common factor of y and 42?
14
Let h(y) = 56*y**2 + 44*y - 39. Let k be h(2). Calculate the greatest common divisor of k and 9.
3
Suppose -5*n + 25 = -0*n, -n - 105 = -a. Suppose 250 + 133 = 31*q - 299. Calculate the highest common factor of q and a.
22
Suppose -31*z + 773 = 1 - 1429. Calculate the highest common factor of z and 23217.
71
Let q(j) = -2*j**2 - 92*j - 490. Let n be q(-35). Calculate 